{"id":49,"date":"2024-09-17T15:28:52","date_gmt":"2024-09-17T15:28:52","guid":{"rendered":"https:\/\/legarzaiturgintza.rkinformatika.online\/?page_id=49"},"modified":"2025-02-14T15:18:24","modified_gmt":"2025-02-14T15:18:24","slug":"inicio","status":"publish","type":"page","link":"https:\/\/cidencimeras.com\/eus\/","title":{"rendered":"inicio"},"content":{"rendered":"<div data-elementor-type=\"wp-post\" data-elementor-id=\"49\" class=\"elementor elementor-49\" data-elementor-post-type=\"page\">\n\t\t\t\t\t\t<section class=\"elementor-section elementor-top-section elementor-element elementor-element-4894d34e elementor-reverse-tablet elementor-reverse-mobile elementor-section-full_width elementor-section-height-default elementor-section-height-default\" data-id=\"4894d34e\" data-element_type=\"section\" data-e-type=\"section\">\n\t\t\t\t\t\t\t<div class=\"elementor-background-overlay\"><\/div>\n\t\t\t\t\t\t\t<div class=\"elementor-container elementor-column-gap-default\">\n\t\t\t\t\t<div class=\"elementor-column elementor-col-100 elementor-top-column elementor-element elementor-element-630e3110\" data-id=\"630e3110\" data-element_type=\"column\" data-e-type=\"column\" data-settings=\"{&quot;background_background&quot;:&quot;gradient&quot;}\">\n\t\t\t<div class=\"elementor-widget-wrap elementor-element-populated\">\n\t\t\t\t\t\t<div class=\"elementor-element elementor-element-212bdae elementor-widget elementor-widget-heading\" data-id=\"212bdae\" data-element_type=\"widget\" data-e-type=\"widget\" data-widget_type=\"heading.default\">\n\t\t\t\t<div class=\"elementor-widget-container\">\n\t\t\t\t\t<h2 class=\"elementor-heading-title elementor-size-default\">1973an SORTUTAKO ENPRESA.<\/h2>\t\t\t\t<\/div>\n\t\t\t\t<\/div>\n\t\t\t\t<div class=\"elementor-element elementor-element-51990f61 elementor-widget elementor-widget-icon-box\" data-id=\"51990f61\" data-element_type=\"widget\" data-e-type=\"widget\" data-widget_type=\"icon-box.default\">\n\t\t\t\t<div class=\"elementor-widget-container\">\n\t\t\t\t\t\t\t<div class=\"elementor-icon-box-wrapper\">\n\n\t\t\t\n\t\t\t\t\t\t<div class=\"elementor-icon-box-content\">\n\n\t\t\t\t\t\t\t\t\t<h1 class=\"elementor-icon-box-title\">\n\t\t\t\t\t\t<span  >\n\t\t\t\t\t\t\tSukalde eta komunetan gainaldeak egitea, estaltzea eta instalatzea\t\t\t\t\t\t<\/span>\n\t\t\t\t\t<\/h1>\n\t\t\t\t\n\t\t\t\t\n\t\t\t<\/div>\n\t\t\t\n\t\t<\/div>\n\t\t\t\t\t\t<\/div>\n\t\t\t\t<\/div>\n\t\t\t\t<div class=\"elementor-element elementor-element-1967c5ec elementor-widget elementor-widget-button\" data-id=\"1967c5ec\" data-element_type=\"widget\" data-e-type=\"widget\" data-widget_type=\"button.default\">\n\t\t\t\t<div class=\"elementor-widget-container\">\n\t\t\t\t\t\t\t\t\t<div class=\"elementor-button-wrapper\">\n\t\t\t\t\t<a class=\"elementor-button elementor-button-link elementor-size-lg elementor-animation-hang\" href=\"https:\/\/cidencimeras.com\/eus\/servicios\/\">\n\t\t\t\t\t\t<span class=\"elementor-button-content-wrapper\">\n\t\t\t\t\t\t\t\t\t<span class=\"elementor-button-text\">Gehiago jakin<\/span>\n\t\t\t\t\t<\/span>\n\t\t\t\t\t<\/a>\n\t\t\t\t<\/div>\n\t\t\t\t\t\t\t\t<\/div>\n\t\t\t\t<\/div>\n\t\t\t\t\t<\/div>\n\t\t<\/div>\n\t\t\t\t\t<\/div>\n\t\t<\/section>\n\t\t<div class=\"elementor-element elementor-element-e1b6b6f e-flex e-con-boxed e-con e-parent\" data-id=\"e1b6b6f\" data-element_type=\"container\" data-e-type=\"container\" data-settings=\"{&quot;background_background&quot;:&quot;classic&quot;}\">\n\t\t\t\t\t<div class=\"e-con-inner\">\n\t\t\t\t<div class=\"elementor-element elementor-element-c6c624d elementor-widget elementor-widget-heading\" data-id=\"c6c624d\" data-element_type=\"widget\" data-e-type=\"widget\" data-widget_type=\"heading.default\">\n\t\t\t\t<div class=\"elementor-widget-container\">\n\t\t\t\t\t<h2 class=\"elementor-heading-title elementor-size-default\">Kalitate handiko gainetako eta estalduretako espezialistak<\/h2>\t\t\t\t<\/div>\n\t\t\t\t<\/div>\n\t\t\t\t\t<\/div>\n\t\t\t\t<\/div>\n\t\t\t\t<section class=\"elementor-section elementor-top-section elementor-element elementor-element-7c7be6eb elementor-section-boxed elementor-section-height-default elementor-section-height-default\" data-id=\"7c7be6eb\" data-element_type=\"section\" data-e-type=\"section\" data-settings=\"{&quot;background_background&quot;:&quot;classic&quot;}\">\n\t\t\t\t\t\t\t<div class=\"elementor-background-overlay\"><\/div>\n\t\t\t\t\t\t\t<div class=\"elementor-container elementor-column-gap-default\">\n\t\t\t\t\t<div class=\"elementor-column elementor-col-50 elementor-top-column elementor-element elementor-element-41291dba\" data-id=\"41291dba\" data-element_type=\"column\" data-e-type=\"column\">\n\t\t\t<div class=\"elementor-widget-wrap elementor-element-populated\">\n\t\t\t\t\t\t<div class=\"elementor-element elementor-element-3f3fa486 elementor-invisible elementor-widget elementor-widget-icon-box\" data-id=\"3f3fa486\" data-element_type=\"widget\" data-e-type=\"widget\" data-settings=\"{&quot;_animation&quot;:&quot;fadeInUp&quot;}\" data-widget_type=\"icon-box.default\">\n\t\t\t\t<div class=\"elementor-widget-container\">\n\t\t\t\t\t\t\t<div class=\"elementor-icon-box-wrapper\">\n\n\t\t\t\n\t\t\t\t\t\t<div class=\"elementor-icon-box-content\">\n\n\t\t\t\t\t\t\t\t\t<h2 class=\"elementor-icon-box-title\">\n\t\t\t\t\t\t<span  >\n\t\t\t\t\t\t\tGuri buruz\t\t\t\t\t\t<\/span>\n\t\t\t\t\t<\/h2>\n\t\t\t\t\n\t\t\t\t\t\t\t\t\t<p class=\"elementor-icon-box-description\">\n\t\t\t\t\t\t1973an sortu zenetik, sukalde eta bainugeletako gainaldeak fabrikatzen dituen enpresa familiarra izan da, baina oraingoan, historia hasieratik bertatik kontatu nahi dugu, Juan Jos\u00e9 Cid omenduz pintzelkada pertsonal bat emanez. Izan ere, dedikazio eta profesionaltasun handiz, ondare bat uzten digu, eta harro sentitzen gara horretaz.\n<br> \n<br> \nBere hastapenak terrazoarekin izan ziren, lan gainkarga zela eta, bere bi anaiekin elkartu zen, eta, horrela, enpresa sortu zen, eta granito eta marmol naturaletan lanak egiten hasi ziren. Enpresa proiektuan parte hartu zuten, hutsetik hasita, ahaleginarekin, sakrifizioarekin eta profesionaltasun handiarekin, eta helburu bakarra bezeroak gogobetetzea izan zen.\t\t\t\t\t<\/p>\n\t\t\t\t\n\t\t\t<\/div>\n\t\t\t\n\t\t<\/div>\n\t\t\t\t\t\t<\/div>\n\t\t\t\t<\/div>\n\t\t\t\t<div class=\"elementor-element elementor-element-644dad3 elementor-invisible elementor-widget elementor-widget-button\" data-id=\"644dad3\" data-element_type=\"widget\" data-e-type=\"widget\" data-settings=\"{&quot;_animation&quot;:&quot;fadeInUp&quot;}\" data-widget_type=\"button.default\">\n\t\t\t\t<div class=\"elementor-widget-container\">\n\t\t\t\t\t\t\t\t\t<div class=\"elementor-button-wrapper\">\n\t\t\t\t\t<a class=\"elementor-button elementor-button-link elementor-size-lg elementor-animation-hang\" href=\"https:\/\/cidencimeras.com\/eus\/contacto\/\">\n\t\t\t\t\t\t<span class=\"elementor-button-content-wrapper\">\n\t\t\t\t\t\t\t\t\t<span class=\"elementor-button-text\">Eskatu Orain<\/span>\n\t\t\t\t\t<\/span>\n\t\t\t\t\t<\/a>\n\t\t\t\t<\/div>\n\t\t\t\t\t\t\t\t<\/div>\n\t\t\t\t<\/div>\n\t\t\t\t\t<\/div>\n\t\t<\/div>\n\t\t\t\t<div class=\"elementor-column elementor-col-50 elementor-top-column elementor-element elementor-element-6af2781 elementor-invisible\" data-id=\"6af2781\" data-element_type=\"column\" data-e-type=\"column\" data-settings=\"{&quot;background_background&quot;:&quot;classic&quot;,&quot;animation&quot;:&quot;fadeInUp&quot;}\">\n\t\t\t<div class=\"elementor-widget-wrap elementor-element-populated\">\n\t\t\t\t\t\t<div class=\"elementor-element elementor-element-545e603 elementor-widget__width-initial elementor-absolute elementor-invisible elementor-widget elementor-widget-spacer\" data-id=\"545e603\" data-element_type=\"widget\" data-e-type=\"widget\" data-settings=\"{&quot;_position&quot;:&quot;absolute&quot;,&quot;_animation&quot;:&quot;fadeInUp&quot;}\" data-widget_type=\"spacer.default\">\n\t\t\t\t<div class=\"elementor-widget-container\">\n\t\t\t\t\t\t\t<div class=\"elementor-spacer\">\n\t\t\t<div class=\"elementor-spacer-inner\"><\/div>\n\t\t<\/div>\n\t\t\t\t\t\t<\/div>\n\t\t\t\t<\/div>\n\t\t\t\t<div class=\"elementor-element elementor-element-b4b0a51 elementor-widget elementor-widget-spacer\" data-id=\"b4b0a51\" data-element_type=\"widget\" data-e-type=\"widget\" data-widget_type=\"spacer.default\">\n\t\t\t\t<div class=\"elementor-widget-container\">\n\t\t\t\t\t\t\t<div class=\"elementor-spacer\">\n\t\t\t<div class=\"elementor-spacer-inner\"><\/div>\n\t\t<\/div>\n\t\t\t\t\t\t<\/div>\n\t\t\t\t<\/div>\n\t\t\t\t\t<\/div>\n\t\t<\/div>\n\t\t\t\t\t<\/div>\n\t\t<\/section>\n\t\t\t\t<section class=\"elementor-section elementor-top-section elementor-element elementor-element-515e0a9f elementor-section-boxed elementor-section-height-default elementor-section-height-default\" data-id=\"515e0a9f\" data-element_type=\"section\" data-e-type=\"section\" data-settings=\"{&quot;background_background&quot;:&quot;classic&quot;}\">\n\t\t\t\t\t\t<div class=\"elementor-container elementor-column-gap-default\">\n\t\t\t\t\t<div class=\"elementor-column elementor-col-50 elementor-top-column elementor-element elementor-element-583fe2c3 elementor-invisible\" data-id=\"583fe2c3\" data-element_type=\"column\" data-e-type=\"column\" data-settings=\"{&quot;animation&quot;:&quot;fadeInUp&quot;}\">\n\t\t\t<div class=\"elementor-widget-wrap elementor-element-populated\">\n\t\t\t\t\t\t<div class=\"elementor-element elementor-element-a34b7dc elementor-widget elementor-widget-heading\" data-id=\"a34b7dc\" data-element_type=\"widget\" data-e-type=\"widget\" data-widget_type=\"heading.default\">\n\t\t\t\t<div class=\"elementor-widget-container\">\n\t\t\t\t\t<h2 class=\"elementor-heading-title elementor-size-default\">Granito, marmol eta portzelanazko sorta zabala dugu.<\/h2>\t\t\t\t<\/div>\n\t\t\t\t<\/div>\n\t\t\t\t\t<\/div>\n\t\t<\/div>\n\t\t\t\t<div class=\"elementor-column elementor-col-50 elementor-top-column elementor-element elementor-element-eafd34f elementor-invisible\" data-id=\"eafd34f\" data-element_type=\"column\" data-e-type=\"column\" data-settings=\"{&quot;animation&quot;:&quot;fadeInUp&quot;}\">\n\t\t\t<div class=\"elementor-widget-wrap elementor-element-populated\">\n\t\t\t\t\t\t<div class=\"elementor-element elementor-element-fd6ee4d elementor-widget elementor-widget-image-carousel\" data-id=\"fd6ee4d\" data-element_type=\"widget\" data-e-type=\"widget\" data-settings=\"{&quot;slides_to_show&quot;:&quot;1&quot;,&quot;navigation&quot;:&quot;none&quot;,&quot;autoplay&quot;:&quot;yes&quot;,&quot;pause_on_hover&quot;:&quot;yes&quot;,&quot;pause_on_interaction&quot;:&quot;yes&quot;,&quot;autoplay_speed&quot;:5000,&quot;infinite&quot;:&quot;yes&quot;,&quot;effect&quot;:&quot;slide&quot;,&quot;speed&quot;:500}\" data-widget_type=\"image-carousel.default\">\n\t\t\t\t<div class=\"elementor-widget-container\">\n\t\t\t\t\t\t\t<div class=\"elementor-image-carousel-wrapper swiper\" role=\"region\" aria-roledescription=\"carousel\" aria-label=\"Carrusel de im\u00e1genes\" dir=\"ltr\">\n\t\t\t<div class=\"elementor-image-carousel swiper-wrapper\" aria-live=\"off\">\n\t\t\t\t\t\t\t\t<div class=\"swiper-slide\" role=\"group\" aria-roledescription=\"slide\" aria-label=\"1 de 6\"><a data-elementor-open-lightbox=\"yes\" data-elementor-lightbox-slideshow=\"fd6ee4d\" data-e-action-hash=\"#elementor-action%3Aaction%3Dlightbox%26settings%3DeyJpZCI6MTI2MCwidXJsIjoiaHR0cHM6XC9cL2NpZGVuY2ltZXJhcy5jb21cL3dwLWNvbnRlbnRcL3VwbG9hZHNcLzIwMjVcLzAyXC9Gb3RvLTExLmpwZyIsInNsaWRlc2hvdyI6ImZkNmVlNGQifQ%3D%3D\" href=\"https:\/\/cidencimeras.com\/wp-content\/uploads\/2025\/02\/Foto-11.jpg\"><figure class=\"swiper-slide-inner\"><img decoding=\"async\" class=\"swiper-slide-image\" src=\"https:\/\/cidencimeras.com\/wp-content\/uploads\/elementor\/thumbs\/Foto-11-r12e3x75f888xq5rpoh59v79xo6bp8qgwfenp5blag.jpg\" alt=\"\" \/><\/figure><\/a><\/div><div class=\"swiper-slide\" role=\"group\" aria-roledescription=\"slide\" aria-label=\"2 de 6\"><a data-elementor-open-lightbox=\"yes\" data-elementor-lightbox-slideshow=\"fd6ee4d\" data-e-action-hash=\"#elementor-action%3Aaction%3Dlightbox%26settings%3DeyJpZCI6MTAzMywidXJsIjoiaHR0cHM6XC9cL2NpZGVuY2ltZXJhcy5jb21cL3dwLWNvbnRlbnRcL3VwbG9hZHNcLzIwMjVcLzAyXC9mb3RvLTEwLWNpZC1lbmNpbWVyYXMuanBnIiwic2xpZGVzaG93IjoiZmQ2ZWU0ZCJ9\" href=\"https:\/\/cidencimeras.com\/wp-content\/uploads\/2025\/02\/foto-10-cid-encimeras.jpg\"><figure class=\"swiper-slide-inner\"><img decoding=\"async\" class=\"swiper-slide-image\" src=\"https:\/\/cidencimeras.com\/wp-content\/uploads\/elementor\/thumbs\/foto-10-cid-encimeras-r10c4kg2jsaq5stwtxhrrgdj8picjqej21qtn4axs8.jpg\" alt=\"\" \/><\/figure><\/a><\/div><div class=\"swiper-slide\" role=\"group\" aria-roledescription=\"slide\" aria-label=\"3 de 6\"><a data-elementor-open-lightbox=\"yes\" data-elementor-lightbox-slideshow=\"fd6ee4d\" data-e-action-hash=\"#elementor-action%3Aaction%3Dlightbox%26settings%3DeyJpZCI6MTAzNywidXJsIjoiaHR0cHM6XC9cL2NpZGVuY2ltZXJhcy5jb21cL3dwLWNvbnRlbnRcL3VwbG9hZHNcLzIwMjVcLzAyXC9mb3RvLTktY2lkLWVuY2ltZXJhcy0xLmpwZyIsInNsaWRlc2hvdyI6ImZkNmVlNGQifQ%3D%3D\" href=\"https:\/\/cidencimeras.com\/wp-content\/uploads\/2025\/02\/foto-9-cid-encimeras-1.jpg\"><figure class=\"swiper-slide-inner\"><img decoding=\"async\" class=\"swiper-slide-image\" src=\"https:\/\/cidencimeras.com\/wp-content\/uploads\/elementor\/thumbs\/foto-9-cid-encimeras-1-r10c4r0xvmjqf2kcric5qwpreelx1m4neyb80216ko.jpg\" alt=\"\" \/><\/figure><\/a><\/div><div class=\"swiper-slide\" role=\"group\" aria-roledescription=\"slide\" aria-label=\"4 de 6\"><a data-elementor-open-lightbox=\"yes\" data-elementor-lightbox-slideshow=\"fd6ee4d\" data-e-action-hash=\"#elementor-action%3Aaction%3Dlightbox%26settings%3DeyJpZCI6MTAzNiwidXJsIjoiaHR0cHM6XC9cL2NpZGVuY2ltZXJhcy5jb21cL3dwLWNvbnRlbnRcL3VwbG9hZHNcLzIwMjVcLzAyXC9mb3RvLTYtY2lkLWVuY2ltZXJhcy5qcGciLCJzbGlkZXNob3ciOiJmZDZlZTRkIn0%3D\" href=\"https:\/\/cidencimeras.com\/wp-content\/uploads\/2025\/02\/foto-6-cid-encimeras.jpg\"><figure class=\"swiper-slide-inner\"><img decoding=\"async\" class=\"swiper-slide-image\" src=\"https:\/\/cidencimeras.com\/wp-content\/uploads\/elementor\/thumbs\/foto-6-cid-encimeras-r10c4p59hyh5run32hiwlx6u7mv6m7x6qp091i3yx4.jpg\" alt=\"\" \/><\/figure><\/a><\/div><div class=\"swiper-slide\" role=\"group\" aria-roledescription=\"slide\" aria-label=\"5 de 6\"><a data-elementor-open-lightbox=\"yes\" data-elementor-lightbox-slideshow=\"fd6ee4d\" data-e-action-hash=\"#elementor-action%3Aaction%3Dlightbox%26settings%3DeyJpZCI6MTI5OSwidXJsIjoiaHR0cHM6XC9cL2NpZGVuY2ltZXJhcy5jb21cL3dwLWNvbnRlbnRcL3VwbG9hZHNcLzIwMjVcLzAyXC8yOS5qcGciLCJzbGlkZXNob3ciOiJmZDZlZTRkIn0%3D\" href=\"https:\/\/cidencimeras.com\/wp-content\/uploads\/2025\/02\/29.jpg\"><figure class=\"swiper-slide-inner\"><img decoding=\"async\" class=\"swiper-slide-image\" src=\"https:\/\/cidencimeras.com\/wp-content\/uploads\/elementor\/thumbs\/29-r13pn69foysxowgz7dlqo1dn35mt3uaauc5sw815e0.jpg\" alt=\"\" \/><\/figure><\/a><\/div><div class=\"swiper-slide\" role=\"group\" aria-roledescription=\"slide\" aria-label=\"6 de 6\"><a data-elementor-open-lightbox=\"yes\" data-elementor-lightbox-slideshow=\"fd6ee4d\" data-e-action-hash=\"#elementor-action%3Aaction%3Dlightbox%26settings%3DeyJpZCI6MTMwMCwidXJsIjoiaHR0cHM6XC9cL2NpZGVuY2ltZXJhcy5jb21cL3dwLWNvbnRlbnRcL3VwbG9hZHNcLzIwMjVcLzAyXC8yOC5qcGciLCJzbGlkZXNob3ciOiJmZDZlZTRkIn0%3D\" href=\"https:\/\/cidencimeras.com\/wp-content\/uploads\/2025\/02\/28.jpg\"><figure class=\"swiper-slide-inner\"><img decoding=\"async\" class=\"swiper-slide-image\" src=\"https:\/\/cidencimeras.com\/wp-content\/uploads\/elementor\/thumbs\/28-r13pnds57n389s61zgur7zhbu8lqtf45jddoqfq008.jpg\" alt=\"\" \/><\/figure><\/a><\/div>\t\t\t<\/div>\n\t\t\t\t\t\t\t\n\t\t\t\t\t\t\t\t\t<\/div>\n\t\t\t\t\t\t<\/div>\n\t\t\t\t<\/div>\n\t\t\t\t\t<\/div>\n\t\t<\/div>\n\t\t\t\t\t<\/div>\n\t\t<\/section>\n\t\t\t\t<\/div>","protected":false},"excerpt":{"rendered":"<p>EMPRESA FUNDADA EN 1973. Elaboraci\u00f3n, revestimientos e instalaci\u00f3n de encimeras en cocinas y ba\u00f1os Saber M\u00e1s Especialistas en Encimeras y Revestimientos de Alta Calidad Sobre Nosotros Desde su fundaci\u00f3n en 1973 ha sido una empresa familiar dedicada a la fabricaci\u00f3n de encimeras de cocinas y ba\u00f1os, pero esta vez, queremos narrar la historia desde su [&hellip;]<\/p>\n","protected":false},"author":2,"featured_media":0,"parent":0,"menu_order":0,"comment_status":"closed","ping_status":"closed","template":"","meta":{"footnotes":""},"class_list":["post-49","page","type-page","status-publish","hentry"],"yoast_head":"<!-- This site is optimized with the Yoast SEO plugin v27.3 - https:\/\/yoast.com\/product\/yoast-seo-wordpress\/ -->\n<title>inicio - Cid Encimeras<\/title>\n<meta name=\"robots\" content=\"index, follow, max-snippet:-1, max-image-preview:large, max-video-preview:-1\" \/>\n<link rel=\"canonical\" href=\"https:\/\/cidencimeras.com\/eus\/\" \/>\n<meta property=\"og:locale\" content=\"en_US\" \/>\n<meta property=\"og:type\" content=\"article\" \/>\n<meta property=\"og:title\" content=\"inicio - Cid Encimeras\" \/>\n<meta property=\"og:description\" content=\"EMPRESA FUNDADA EN 1973. Elaboraci\u00f3n, revestimientos e instalaci\u00f3n de encimeras en cocinas y ba\u00f1os Saber M\u00e1s Especialistas en Encimeras y Revestimientos de Alta Calidad Sobre Nosotros Desde su fundaci\u00f3n en 1973 ha sido una empresa familiar dedicada a la fabricaci\u00f3n de encimeras de cocinas y ba\u00f1os, pero esta vez, queremos narrar la historia desde su [&hellip;]\" \/>\n<meta property=\"og:url\" content=\"https:\/\/cidencimeras.com\/eus\/\" \/>\n<meta property=\"og:site_name\" content=\"Cid Encimeras\" \/>\n<meta property=\"article:modified_time\" content=\"2025-02-14T15:18:24+00:00\" \/>\n<meta property=\"og:image\" content=\"https:\/\/cidencimeras.com\/wp-content\/uploads\/elementor\/thumbs\/Foto-11-r12e3x75f888xq5rpoh59v79xo6bp8qgwfenp5blag.jpg\" \/>\n<meta name=\"twitter:card\" content=\"summary_large_image\" \/>\n<meta name=\"twitter:label1\" content=\"Est. reading time\" \/>\n\t<meta name=\"twitter:data1\" content=\"2 minutua\" \/>\n<script type=\"application\/ld+json\" class=\"yoast-schema-graph\">{\"@context\":\"https:\\\/\\\/schema.org\",\"@graph\":[{\"@type\":\"WebPage\",\"@id\":\"https:\\\/\\\/cidencimeras.com\\\/\",\"url\":\"https:\\\/\\\/cidencimeras.com\\\/\",\"name\":\"inicio - Cid Encimeras\",\"isPartOf\":{\"@id\":\"https:\\\/\\\/cidencimeras.com\\\/#website\"},\"primaryImageOfPage\":{\"@id\":\"https:\\\/\\\/cidencimeras.com\\\/#primaryimage\"},\"image\":{\"@id\":\"https:\\\/\\\/cidencimeras.com\\\/#primaryimage\"},\"thumbnailUrl\":\"https:\\\/\\\/cidencimeras.com\\\/wp-content\\\/uploads\\\/elementor\\\/thumbs\\\/Foto-11-r12e3x75f888xq5rpoh59v79xo6bp8qgwfenp5blag.jpg\",\"datePublished\":\"2024-09-17T15:28:52+00:00\",\"dateModified\":\"2025-02-14T15:18:24+00:00\",\"breadcrumb\":{\"@id\":\"https:\\\/\\\/cidencimeras.com\\\/#breadcrumb\"},\"inLanguage\":\"eu\",\"potentialAction\":[{\"@type\":\"ReadAction\",\"target\":[\"https:\\\/\\\/cidencimeras.com\\\/\"]}]},{\"@type\":\"ImageObject\",\"inLanguage\":\"eu\",\"@id\":\"https:\\\/\\\/cidencimeras.com\\\/#primaryimage\",\"url\":\"https:\\\/\\\/cidencimeras.com\\\/wp-content\\\/uploads\\\/elementor\\\/thumbs\\\/Foto-11-r12e3x75f888xq5rpoh59v79xo6bp8qgwfenp5blag.jpg\",\"contentUrl\":\"https:\\\/\\\/cidencimeras.com\\\/wp-content\\\/uploads\\\/elementor\\\/thumbs\\\/Foto-11-r12e3x75f888xq5rpoh59v79xo6bp8qgwfenp5blag.jpg\"},{\"@type\":\"BreadcrumbList\",\"@id\":\"https:\\\/\\\/cidencimeras.com\\\/#breadcrumb\",\"itemListElement\":[{\"@type\":\"ListItem\",\"position\":1,\"name\":\"Portada\",\"item\":\"https:\\\/\\\/cidencimeras.com\\\/\"},{\"@type\":\"ListItem\",\"position\":2,\"name\":\"inicio\"}]},{\"@type\":\"WebSite\",\"@id\":\"https:\\\/\\\/cidencimeras.com\\\/#website\",\"url\":\"https:\\\/\\\/cidencimeras.com\\\/\",\"name\":\"Cid Encimeras\",\"description\":\"Amplia Gama en Granitos y M\u00e1rmoles Naturales\",\"publisher\":{\"@id\":\"https:\\\/\\\/cidencimeras.com\\\/#organization\"},\"potentialAction\":[{\"@type\":\"SearchAction\",\"target\":{\"@type\":\"EntryPoint\",\"urlTemplate\":\"https:\\\/\\\/cidencimeras.com\\\/?s={search_term_string}\"},\"query-input\":{\"@type\":\"PropertyValueSpecification\",\"valueRequired\":true,\"valueName\":\"search_term_string\"}}],\"inLanguage\":\"eu\"},{\"@type\":\"Organization\",\"@id\":\"https:\\\/\\\/cidencimeras.com\\\/#organization\",\"name\":\"Cid Encimeras\",\"url\":\"https:\\\/\\\/cidencimeras.com\\\/\",\"logo\":{\"@type\":\"ImageObject\",\"inLanguage\":\"eu\",\"@id\":\"https:\\\/\\\/cidencimeras.com\\\/#\\\/schema\\\/logo\\\/image\\\/\",\"url\":\"https:\\\/\\\/cidencimeras.com\\\/wp-content\\\/uploads\\\/2025\\\/02\\\/cropped-Esku-Terapiak-Ager.png\",\"contentUrl\":\"https:\\\/\\\/cidencimeras.com\\\/wp-content\\\/uploads\\\/2025\\\/02\\\/cropped-Esku-Terapiak-Ager.png\",\"width\":420,\"height\":276,\"caption\":\"Cid Encimeras\"},\"image\":{\"@id\":\"https:\\\/\\\/cidencimeras.com\\\/#\\\/schema\\\/logo\\\/image\\\/\"}}]}<\/script>\n<!-- \/ Yoast SEO plugin. -->","yoast_head_json":{"title":"inicio - Cid Encimeras","robots":{"index":"index","follow":"follow","max-snippet":"max-snippet:-1","max-image-preview":"max-image-preview:large","max-video-preview":"max-video-preview:-1"},"canonical":"https:\/\/cidencimeras.com\/eus\/","og_locale":"en_US","og_type":"article","og_title":"inicio - Cid Encimeras","og_description":"EMPRESA FUNDADA EN 1973. Elaboraci\u00f3n, revestimientos e instalaci\u00f3n de encimeras en cocinas y ba\u00f1os Saber M\u00e1s Especialistas en Encimeras y Revestimientos de Alta Calidad Sobre Nosotros Desde su fundaci\u00f3n en 1973 ha sido una empresa familiar dedicada a la fabricaci\u00f3n de encimeras de cocinas y ba\u00f1os, pero esta vez, queremos narrar la historia desde su [&hellip;]","og_url":"https:\/\/cidencimeras.com\/eus\/","og_site_name":"Cid Encimeras","article_modified_time":"2025-02-14T15:18:24+00:00","og_image":[{"url":"https:\/\/cidencimeras.com\/wp-content\/uploads\/elementor\/thumbs\/Foto-11-r12e3x75f888xq5rpoh59v79xo6bp8qgwfenp5blag.jpg","type":"","width":"","height":""}],"twitter_card":"summary_large_image","twitter_misc":{"Est. reading time":"2 minutua"},"schema":{"@context":"https:\/\/schema.org","@graph":[{"@type":"WebPage","@id":"https:\/\/cidencimeras.com\/","url":"https:\/\/cidencimeras.com\/","name":"inicio - Cid Encimeras","isPartOf":{"@id":"https:\/\/cidencimeras.com\/#website"},"primaryImageOfPage":{"@id":"https:\/\/cidencimeras.com\/#primaryimage"},"image":{"@id":"https:\/\/cidencimeras.com\/#primaryimage"},"thumbnailUrl":"https:\/\/cidencimeras.com\/wp-content\/uploads\/elementor\/thumbs\/Foto-11-r12e3x75f888xq5rpoh59v79xo6bp8qgwfenp5blag.jpg","datePublished":"2024-09-17T15:28:52+00:00","dateModified":"2025-02-14T15:18:24+00:00","breadcrumb":{"@id":"https:\/\/cidencimeras.com\/#breadcrumb"},"inLanguage":"eu","potentialAction":[{"@type":"ReadAction","target":["https:\/\/cidencimeras.com\/"]}]},{"@type":"ImageObject","inLanguage":"eu","@id":"https:\/\/cidencimeras.com\/#primaryimage","url":"https:\/\/cidencimeras.com\/wp-content\/uploads\/elementor\/thumbs\/Foto-11-r12e3x75f888xq5rpoh59v79xo6bp8qgwfenp5blag.jpg","contentUrl":"https:\/\/cidencimeras.com\/wp-content\/uploads\/elementor\/thumbs\/Foto-11-r12e3x75f888xq5rpoh59v79xo6bp8qgwfenp5blag.jpg"},{"@type":"BreadcrumbList","@id":"https:\/\/cidencimeras.com\/#breadcrumb","itemListElement":[{"@type":"ListItem","position":1,"name":"Portada","item":"https:\/\/cidencimeras.com\/"},{"@type":"ListItem","position":2,"name":"inicio"}]},{"@type":"WebSite","@id":"https:\/\/cidencimeras.com\/#website","url":"https:\/\/cidencimeras.com\/","name":"Cid Encimeras","description":"Amplia Gama en Granitos y M\u00e1rmoles Naturales","publisher":{"@id":"https:\/\/cidencimeras.com\/#organization"},"potentialAction":[{"@type":"SearchAction","target":{"@type":"EntryPoint","urlTemplate":"https:\/\/cidencimeras.com\/?s={search_term_string}"},"query-input":{"@type":"PropertyValueSpecification","valueRequired":true,"valueName":"search_term_string"}}],"inLanguage":"eu"},{"@type":"Organization","@id":"https:\/\/cidencimeras.com\/#organization","name":"Cid Encimeras","url":"https:\/\/cidencimeras.com\/","logo":{"@type":"ImageObject","inLanguage":"eu","@id":"https:\/\/cidencimeras.com\/#\/schema\/logo\/image\/","url":"https:\/\/cidencimeras.com\/wp-content\/uploads\/2025\/02\/cropped-Esku-Terapiak-Ager.png","contentUrl":"https:\/\/cidencimeras.com\/wp-content\/uploads\/2025\/02\/cropped-Esku-Terapiak-Ager.png","width":420,"height":276,"caption":"Cid Encimeras"},"image":{"@id":"https:\/\/cidencimeras.com\/#\/schema\/logo\/image\/"}}]}},"_links":{"self":[{"href":"https:\/\/cidencimeras.com\/eus\/wp-json\/wp\/v2\/pages\/49","targetHints":{"allow":["GET"]}}],"collection":[{"href":"https:\/\/cidencimeras.com\/eus\/wp-json\/wp\/v2\/pages"}],"about":[{"href":"https:\/\/cidencimeras.com\/eus\/wp-json\/wp\/v2\/types\/page"}],"author":[{"embeddable":true,"href":"https:\/\/cidencimeras.com\/eus\/wp-json\/wp\/v2\/users\/2"}],"replies":[{"embeddable":true,"href":"https:\/\/cidencimeras.com\/eus\/wp-json\/wp\/v2\/comments?post=49"}],"version-history":[{"count":346,"href":"https:\/\/cidencimeras.com\/eus\/wp-json\/wp\/v2\/pages\/49\/revisions"}],"predecessor-version":[{"id":1315,"href":"https:\/\/cidencimeras.com\/eus\/wp-json\/wp\/v2\/pages\/49\/revisions\/1315"}],"wp:attachment":[{"href":"https:\/\/cidencimeras.com\/eus\/wp-json\/wp\/v2\/media?parent=49"}],"curies":[{"name":"wp","href":"https:\/\/api.w.org\/{rel}","templated":true}]}}